{"id":119,"date":"2011-10-22T17:45:26","date_gmt":"2011-10-22T17:45:26","guid":{"rendered":"http:\/\/slowacki.edu.pl\/jpolski\/?page_id=119"},"modified":"2012-04-03T20:25:16","modified_gmt":"2012-04-03T20:25:16","slug":"polonistyczne-wiesci","status":"publish","type":"page","link":"https:\/\/polski.slowacki.edu.pl\/?page_id=119","title":{"rendered":"Polonistyczne newsy"},"content":{"rendered":"<p><span style=\"font-family: Verdana,sans-serif;\"><span style=\"font-size: medium;\"><strong>SKTKT<\/strong><\/span><\/span><\/p>\n<p align=\"JUSTIFY\"><span style=\"font-family: Verdana,sans-serif;\">20, 21, 22 kwietnia 2012 roku zapraszamy na premier\u0119 i premier\u0119 nauczycielsk\u0105 <strong>\u201eMewy\u201d Antoniego Czechowa,<\/strong> niezwyk\u0142ego rosyjskiego dramaturga prze\u0142omu XIX i XX wieku. \u201eMewa\u201d ( czasami wystawiana pod tytu\u0142em \u201eCzajka\u201d)to \u201e&#8230;odpowied\u017a na pytanie o kondycj\u0119 polskiego teatru. Jest w tej sztuce tak\u017ce dyskretny u\u015bmiech Czechowa, \u015bwiadomego ludzkich marze\u0144 i s\u0142abo\u015bci&#8230;\u201d (Repertuar &#8211; Teatru \u015al\u0105skiego).<\/span><\/p>\n<p align=\"JUSTIFY\"><span style=\"font-family: Verdana,sans-serif;\">*<\/span><\/p>\n<p align=\"JUSTIFY\"><span style=\"font-family: Verdana,sans-serif;\">13.kwietnia 2012 roku zapraszamy na przedstawienie <strong>\u201eDer Arbeitslose\u201d,<\/strong> kt\u00f3rego autorem jest <strong>Erna Schiefenbusch .<\/strong> Spektakl przedstawi Zesp\u00f3\u0142 teatru z D\u0171ren (Niemcy) w oryginalnej wersji j\u0119zykowej. W roli narratora ( polska wersja j\u0119zykowa) wyst\u0105pi Filip Klasik z IIa (Kawiarenka Literacka).Zesp\u00f3\u0142 z D\u0171ren go\u015bci\u0107 b\u0119dzie w naszej Szkole 10 kwietnia 2012 roku.<\/span><\/p>\n<p align=\"JUSTIFY\"><span style=\"font-family: Verdana,sans-serif;\">*<\/span><\/p>\n<p align=\"JUSTIFY\"><span style=\"font-family: Verdana,sans-serif;\">1, 2, 3 maja 2012 roku zapraszamy na Scen\u0119 Kameraln\u0105 Teatru \u015al\u0105skiego . Warto zobaczy\u0107 spektakl <strong>\u201eZagraj to jeszcze raz, Sam\u201d<\/strong>. Nazwisko autora \u2013 <strong>Woody Allen<\/strong> zmusza do bardzo szybkiej reakcji.<\/span><\/p>\n<p align=\"JUSTIFY\"><span style=\"font-family: Verdana,sans-serif;\">*<\/span><\/p>\n<p align=\"JUSTIFY\"><span style=\"font-family: Verdana,sans-serif;\">Teatromani ze S\u0142owaka maj\u0105 bardzo atrakcyjn\u0105 \u201eZni\u017ck\u0119 Juliuszow\u0105\u201d na bilety. Zg\u0142oszenia przyjmowane s\u0105 w Kr\u00f3lewskiej Pracowni Polonistycznej <\/span><\/p>\n<p align=\"JUSTIFY\"><span style=\"font-family: Verdana,sans-serif;\">II p. Plac Andrzeja.<\/span><\/p>\n<p align=\"JUSTIFY\"><span style=\"font-family: Verdana,sans-serif;\">Andrzej Kr\u00f3l i Micha\u0142 Cio\u0142ek (Prezes SKTKT)<\/span><\/p>\n<p align=\"JUSTIFY\"><span style=\"font-family: Verdana,sans-serif;\"><span style=\"font-size: medium;\">***<\/span><\/span><\/p>\n<p align=\"JUSTIFY\"><span style=\"font-family: Verdana,sans-serif;\"><span style=\"font-size: medium;\"><span style=\"font-size: small;\">3 kwietnia przypada kolejna rocznica \u015bmierci Juliusza S\u0142owackiego . Przed popiersiem Patrona Szko\u0142y zap\u0142on\u0105\u0142 tradycyjny znicz. Symboliczna r\u00f3\u017ca przypomina ten dzie\u0144&#8230;<\/span><\/span><\/span><\/p>\n<p align=\"JUSTIFY\">\u201e<span style=\"font-family: Verdana,sans-serif;\"><span style=\"font-size: small;\">Jednak zostanie po mnie ta si\u0142a fatalna&#8230;\u201d<\/span><\/span><\/p>\n<p align=\"JUSTIFY\"><span style=\"font-family: Verdana,sans-serif;\"><span style=\"font-size: small;\">Podczas wiosennych wyjazd\u00f3w do Krakowa warto odwiedzi\u0107 krypt\u0119 Wieszcza na Wawelu&#8230;<\/span><\/span><\/p>\n<p align=\"JUSTIFY\"><span style=\"font-family: Verdana,sans-serif;\"><span style=\"font-size: small;\">Andrzej Kr\u00f3l<\/span><\/span><\/p>\n<p align=\"JUSTIFY\"><span style=\"font-family: Verdana,sans-serif;\"><span style=\"font-size: small;\"><span style=\"font-size: medium;\">***<\/span><\/span><\/span><\/p>\n<p align=\"JUSTIFY\"><span style=\"font-family: Verdana,sans-serif;\"><strong>SZKOLNE KO\u0141O TOWARZYSTWA KULTURY TEATRALNEJ<\/strong> zaprasza na wiosenne propozycje repertuarowe Teatru \u015al\u0105skiego.<\/span><\/p>\n<p align=\"JUSTIFY\"><span style=\"font-family: Verdana,sans-serif;\">27.03.2012 teatromani ze S\u0142owaka ( Ia, Ib, IIa, Iib,IIIa i cz\u0142onkowie Zespo\u0142u Kawiarenki Literackiej) obecni byli na premierze nauczycielskiej i studenckiej <strong>\u201eKontraktu\u201d S\u0142awomira Mro\u017cka<\/strong> w re\u017cyserii Bogdana Cioska na SCENIE <\/span><\/p>\n<p align=\"JUSTIFY\"><span style=\"font-family: Verdana,sans-serif;\">W MALARNI.<\/span><\/p>\n<p align=\"JUSTIFY\"><span style=\"font-family: Verdana,sans-serif;\">Po remoncie i modernizacji Katowice wzbogaci\u0142y si\u0119 o now\u0105 scen\u0119 . Historyczne wn\u0119trze , podw\u00f3rko mieszcza\u0144skiej kamienicy nad Raw\u0105 po zabiegach konserwatorskich prezentuje si\u0119 niezwykle okazale. <\/span><\/p>\n<p align=\"JUSTIFY\"><span style=\"font-family: Verdana,sans-serif;\">Przed przedstawieniem klasa IIIa w zabytkowym gmachu Teatru \u015al\u0105skiego zrealizowa\u0142a autorsk\u0105 sesj\u0119 zdj\u0119ciow\u0105 do tradycyjnej maturalnej pami\u0105tki. <\/span><\/p>\n<p align=\"JUSTIFY\"><span style=\"font-family: Verdana,sans-serif;\">Andrzej Kr\u00f3l<\/span><\/p>\n<p align=\"JUSTIFY\">***<\/p>\n<p align=\"JUSTIFY\"><span style=\"font-family: Verdana,sans-serif;\"><span style=\"font-size: medium;\"><span style=\"font-size: small;\">W pi\u0105tek 30 marca 2012 roku w Auli Krzemienieckiej odby\u0142 si\u0119 <\/span><span style=\"font-size: small;\"><strong>Przegl\u0105d<\/strong><\/span><span style=\"font-size: small;\"><strong>Film\u00f3w Micha\u0142a \u0141ukowicza <\/strong><\/span><span style=\"font-size: small;\">\u2013 studenta Uniwersytetu \u015alaskiego ( absolwent <\/span><\/span><\/span><\/p>\n<p align=\"JUSTIFY\"><span style=\"font-family: Verdana,sans-serif;\"><span style=\"font-size: small;\">z klasy prof. Macieja Burzyka , Matura \u2013 2010) . Micha\u0142 przedstawi\u0142 swoje filmy nagrodzone na licznych konkursach . Na pokazie obecni byli aktorzy wyst\u0119puj\u0105cy w tych filmach oraz gwiazda filmowych obraz\u00f3w Kacper \u0141ukowicz. Spotkanie \u201eprzebiega\u0142o\u201d w rodzinnej S\u0142owaka atmosferze. <\/span><\/span><\/p>\n<p align=\"JUSTIFY\"><span style=\"font-family: Verdana,sans-serif;\"><span style=\"font-size: small;\">\u017bywa, dowcipna i wielce sympatyczna dramaturgia wypowiedzi prowadz\u0105cego pokaz Patryka Mataniaka oraz wyst\u0119p Zespo\u0142u Muzycznego Micha\u0142a T. z Ib sprawi\u0142y, \u017ce by\u0142 to kameralny, ciekawy filmowy wiecz\u00f3r. Szczeg\u00f3lne s\u0142owa podzi\u0119kowania organizatorzy kieruj\u0105 dla pani prof Bo\u017ceny Kie\u0142bowicz. <\/span><\/span><\/p>\n<p align=\"JUSTIFY\"><span style=\"font-family: Verdana,sans-serif;\"><span style=\"font-size: small;\">Cieszy fakt, \u017ce na widowni pojawili si\u0119 koledzy i przyjaciele Micha\u0142a oraz wspania\u0142a ekipa absolwent\u00f3w z klasy a i b ( Matura rok 20101, 2011).<\/span><\/span><\/p>\n<p align=\"JUSTIFY\">\u201e<span style=\"font-family: Verdana,sans-serif;\"><span style=\"font-size: small;\">I ci\u0105gle widze ich twarze&#8230;\u201d w Krzemie\u0144cu. Powracajcie jak najcz\u0119\u015bciej&#8230;<\/span><\/span><\/p>\n<p align=\"JUSTIFY\"><span style=\"font-family: Verdana,sans-serif;\"><span style=\"font-size: small;\">Andrzej Kr\u00f3l.<\/span><\/span><\/p>\n<p align=\"JUSTIFY\"><span style=\"font-family: Verdana,sans-serif;\"><span style=\"font-size: small;\"><span style=\"font-size: medium;\">***<\/span><\/span><\/span><\/p>\n<p align=\"JUSTIFY\"><span style=\"font-family: Verdana,sans-serif;\">30 marca 2012 roku w Katowicach zako\u0144czy\u0142a si\u0119 I<strong>II I\u0118DZYNARODOWA KONFERENCJA NAUKOWA<\/strong> <strong> zorganizowana przez Katedr\u0119 Dydaktyki J\u0119zyka i Literatury Polskiej oraz Polonistyczne Ko\u0142o Naukowe \u201eBAKA\u0141ARZ\u201d.<\/strong> Tematem by\u0142a <strong>Praca z uczniem o specjalnych potrzebach edukacyjnych.<\/strong> W pierwszym dniu Konferencji (29 marca) <strong>mgr Andrzej Kr\u00f3l<\/strong> na bazie do\u015bwiadcze\u0144 Akademickiego Zespo\u0142u Szk\u00f3\u0142 Og\u00f3lnokszta\u0142c\u0105cych przedstawi\u0142 referat : <strong>Rola polonistycznej przestrzeni dydaktycznej <\/strong><\/span><\/p>\n<p align=\"JUSTIFY\"><span style=\"font-family: Verdana,sans-serif;\"><strong>w pracach z uczniem zdolnym. <\/strong>Uzupe\u0142nieniem tej prezentacji by\u0142 program Kawiarenki Literackiej , kt\u00f3ra ju\u017c czwarty raz wyst\u0105pi\u0142a na konferencji organizowanej przez Katedr\u0119 Dydaktyki J\u0119zyka i Literatury Polskiej Uniwersytetu \u015al\u0105skiego. <\/span><\/p>\n<p><span style=\"font-family: Verdana,sans-serif;\">Andrzej Kr\u00f3l.<\/span><\/p>\n<p>&nbsp;<\/p>\n<p><span style=\"font-family: Verdana,sans-serif;\"><span style=\"font-size: medium;\">***<\/span><\/span><\/p>\n<p>&nbsp;<\/p>\n<p><strong>ZAPRASZAMY NA PRZEDSTAWIENIA DO TEATRU \u015aL\u0104SKIEGO<\/strong> (24.10.2011)<\/p>\n<p>Szkolne Ko\u0142o Towarzystwa Kultury Teatralnej zaprasza teatroman\u00f3w z chorzowskiego S\u0142owaka na ciekawe przedstawienia do Teatru \u015al\u0105skiego im. Stanis\u0142awa Wyspia\u0144skiego w Katowicach:<\/p>\n<p>28.10.2011\u00a0\u00a0\u00a0\u00a0\u00a0\u00a0 (godz. 18;00) Adam Mickiewicz \u201eDziady&#8221;<\/p>\n<p>04.11.2011\u00a0\u00a0\u00a0\u00a0\u00a0\u00a0 (godz. 18;00) Witold Gombrowicz \u201eIwona ksi\u0119\u017cniczka Burgunda|<\/p>\n<p>17.11.2011\u00a0\u00a0\u00a0\u00a0\u00a0\u00a0 (godz. 18;00) Fiodor Dostojewski \u201eZbrodnia i Kara&#8221;<\/p>\n<p>25 lub 26.11.2011 (godz. 18;00) S\u0142awomir Mro\u017cek \u201eSolaris&#8221;<\/p>\n<p>Zg\u0142oszenia przyjmuje opiekun Ko\u0142a mgr Andrzej Kr\u00f3l w Kr\u00f3lewskiej Pracowni Polonistycznej, Plac Andrzeja , II pi\u0119tro. Najlepiej na przerwach 11;05, 12;10 lub po godzinie 15;05.<\/p>\n<p>S\u0105 to najciekawsze spektakle, jakie obecnie znajduj\u0105 si\u0119 w repertuarze Teatru \u015al\u0105skiego. Serdecznie zapraszamy. Mo\u017cna zabra\u0107 osoby \u201ezaprzyja\u017anione&#8221; i zainteresowanych cz\u0142onk\u00f3w rodziny.<\/p>\n<p>Andrzej Kr\u00f3l, 22.10.2011<\/p>\n<p>&nbsp;<\/p>\n<p><strong>WIECZERZA KRZEMIENIECKA W KR\u00d3LEWSKIEJ PRACOWNI POLONISTYCZNEJ (21.10.2011)<\/strong><\/p>\n<p>Zak\u0142ad Dydaktyki Literatury Polskiej oraz Zak\u0142ad Literatury Poromantycznej Uniwersytetu \u015al\u0105skiego zorganizowa\u0142y w\u00a0 dniach 19-21 pa\u017adziernika 2011 roku Og\u00f3lnopolsk\u0105 Konferencj\u0119 Naukow\u0105 pod tytu\u0142em \u201eReaktywacja klasyki w szkole: wiek XIX+ Obrady odbywa\u0142y si\u0119 w sali Rady<strong> <\/strong>Wydzia\u0142u im. Prof. Zbigniewa Jerzego Nowaka w Katowicach Plac Sejmu \u015al\u0105skiego 1. Uczestnikami byli przedstawiciele UJ, UW, U\u015aL , IBL PAN, UwB, UMSC, KUL.<\/p>\n<p>20 pa\u017adziernika po intensywnych obradach go\u015bcie Konferencji zjawili si\u0119 w chorzowskim S\u0142owaku. W Kr\u00f3lewskiej Pracowni Polonistycznej uczestniczyli w wieczerzy krzemienieckiej. Zesp\u00f3\u0142 Kawiarenki Literackiej, redakcja odradzaj\u0105cego si\u0119 \u201e Kordiana&#8221;, absolwenci wraz prof. Andrzejem Kr\u00f3lem przedstawili r\u00f3\u017cne zjawiska dydaktyczno-artystyczne jakie rodz\u0105 si\u0119 w polonistycznej przestrzeni S\u0142owaka. Bohaterem by\u0142 Patron Szko\u0142y i jego Krzemieniec. Program by\u0142 komentarzem do referat\u00f3w, kt\u00f3re wyg\u0142oszone zosta\u0142y na Konferencji.<\/p>\n<p>Spotkanie dope\u0142ni\u0142a kolacja, kt\u00f3r\u0105 przygotowali nauczyciele j\u0119zyka polskiego wed\u0142ug w\u0142asnych kulinarnych receptur. Dominowa\u0142a kuchnia kresowo-regionalna.<\/p>\n<p>Andrzej Kr\u00f3l, 21.10.2011<\/p>\n","protected":false},"excerpt":{"rendered":"<p>SKTKT 20, 21, 22 kwietnia 2012 roku zapraszamy na premier\u0119 i premier\u0119 nauczycielsk\u0105 \u201eMewy\u201d Antoniego Czechowa, niezwyk\u0142ego rosyjskiego dramaturga prze\u0142omu XIX i XX wieku. \u201eMewa\u201d ( czasami wystawiana pod tytu\u0142em \u201eCzajka\u201d)to \u201e&#8230;odpowied\u017a na pytanie o kondycj\u0119 polskiego teatru. Jest w tej sztuce tak\u017ce dyskretny u\u015bmiech Czechowa, \u015bwiadomego ludzkich marze\u0144 i s\u0142abo\u015bci&#8230;\u201d (Repertuar &#8211; Teatru \u015al\u0105skiego).<a class=\"rmore\" href=\"https:\/\/polski.slowacki.edu.pl\/?page_id=119\">&nbsp;&nbsp; Read More &#8230;<\/a><\/p>\n","protected":false},"author":1,"featured_media":0,"parent":0,"menu_order":4,"comment_status":"open","ping_status":"open","template":"","meta":{"ngg_post_thumbnail":0},"_links":{"self":[{"href":"https:\/\/polski.slowacki.edu.pl\/index.php?rest_route=\/wp\/v2\/pages\/119"}],"collection":[{"href":"https:\/\/polski.slowacki.edu.pl\/index.php?rest_route=\/wp\/v2\/pages"}],"about":[{"href":"https:\/\/polski.slowacki.edu.pl\/index.php?rest_route=\/wp\/v2\/types\/page"}],"author":[{"embeddable":true,"href":"https:\/\/polski.slowacki.edu.pl\/index.php?rest_route=\/wp\/v2\/users\/1"}],"replies":[{"embeddable":true,"href":"https:\/\/polski.slowacki.edu.pl\/index.php?rest_route=%2Fwp%2Fv2%2Fcomments&post=119"}],"version-history":[{"count":6,"href":"https:\/\/polski.slowacki.edu.pl\/index.php?rest_route=\/wp\/v2\/pages\/119\/revisions"}],"predecessor-version":[{"id":142,"href":"https:\/\/polski.slowacki.edu.pl\/index.php?rest_route=\/wp\/v2\/pages\/119\/revisions\/142"}],"wp:attachment":[{"href":"https:\/\/polski.slowacki.edu.pl\/index.php?rest_route=%2Fwp%2Fv2%2Fmedia&parent=119"}],"curies":[{"name":"wp","href":"https:\/\/api.w.org\/{rel}","templated":true}]}}