{"id":121,"date":"2011-10-22T17:46:16","date_gmt":"2011-10-22T17:46:16","guid":{"rendered":"http:\/\/slowacki.edu.pl\/jpolski\/?page_id=121"},"modified":"2011-11-15T20:06:15","modified_gmt":"2011-11-15T20:06:15","slug":"zapraszamy","status":"publish","type":"page","link":"https:\/\/polski.slowacki.edu.pl\/?page_id=121","title":{"rendered":"Szkolne Ko\u0142o  TKT"},"content":{"rendered":"<h1 style=\"text-align: center;\"><strong>Szkolne Ko\u0142o Towarzystwa Kultury Teatralnej<\/strong><\/h1>\n<h2 style=\"text-align: center;\">chorzowskiego S\u0142owaka (Rok za\u0142o\u017cenia: 1986)<\/h2>\n<p>&nbsp;<\/p>\n<p>Towarzystwo Kultury Teatralnej pod tak\u0105 nazw\u0105 dzia\u0142a od 1971 roku i kontynuuje dzia\u0142alno\u015b\u0107 Zwi\u0105zku Teatr\u00f3w Amatorskich (1962-1970).<\/p>\n<p>Pocz\u0105tki tej organizacji si\u0119gaj\u0105 pocz\u0105tk\u00f3w XX wieku, wtedy w 1907 roku we Lwowie za\u0142o\u017cono Zwi\u0105zek Teatr\u00f3w i Ch\u00f3r\u00f3w W\u0142o\u015bcia\u0144skich. TKT nawi\u0105zuje do tradycji amatorsko &#8211; teatralnych zwi\u0105zk\u00f3w, kt\u00f3re zak\u0142adano na przestrzeni ostatniego stulecia. Towarzystwo Kultury Teatralnej do 1993 roku wydawa\u0142o czasopismo &#8220;Scena&#8221;.<\/p>\n<p>Towarzystwo popularyzuje teatr jako hobby oraz jako spos\u00f3b na \u00a0\u017cycie. Organizuje konkursy recytatorskie dla m\u0142odzie\u017cy i doros\u0142ych. Upowszechnia edukacj\u0119 teatraln\u0105, propaguje r\u00f3\u017cne formy spotka\u0144 z histori\u0105 teatru, piel\u0119gnuje tradycje, inspiruje do poszukiwania nowych dzia\u0142a\u0144 artystycznych. Rozwija uzdolnienia teatralne m\u0142odzie\u017cy i otacza opiek\u0105 tw\u00f3rczo\u015b\u0107 amatorsk\u0105.<\/p>\n<p>Szkolne Ko\u0142o TKT w I LO im. Juliusza S\u0142owackiego powsta\u0142o w 1986 roku. Jego za\u0142o\u017cycielem by\u0142 zatrudniony w tym czasie polonista Andrzej Kr\u00f3l. \u00a0Ko\u0142o nawi\u0105za\u0142o \u015bcis\u0142\u0105 wsp\u00f3\u0142prac\u0119 z Teatrem Rozrywki w Chorzowie, zaprzyja\u017ani\u0142o si\u0119 z Teatrem \u015al\u0105skim im. Stanis\u0142awa Wyspia\u0144skiego w Katowicach i sympatycznie wsp\u00f3\u0142pracuje z Teatrem Koreze . Cz\u0142onkowie Ko\u0142a stale s\u0105 obecni na premierach i spotkaniach teatralnych naszego regionu.<\/p>\n<p>Ko\u0142o zosta\u0142o wyr\u00f3\u017cnione nagrodami i dyplomami Zarz\u0105du G\u0142\u00f3wnego TKT w Warszawie. Szczeg\u00f3lnie cennym dyplomem jest wyr\u00f3\u017cnienie przyznane z okazji stulecia Towarzystwa Kultury Teatralnej w Polce.<\/p>\n<p>&nbsp;<\/p>\n<p>&nbsp;<\/p>\n<p>&nbsp;<\/p>\n<p>&nbsp;<\/p>\n","protected":false},"excerpt":{"rendered":"<p>Szkolne Ko\u0142o Towarzystwa Kultury Teatralnej chorzowskiego S\u0142owaka (Rok za\u0142o\u017cenia: 1986) &nbsp; Towarzystwo Kultury Teatralnej pod tak\u0105 nazw\u0105 dzia\u0142a od 1971 roku i kontynuuje dzia\u0142alno\u015b\u0107 Zwi\u0105zku Teatr\u00f3w Amatorskich (1962-1970). Pocz\u0105tki tej organizacji si\u0119gaj\u0105 pocz\u0105tk\u00f3w XX wieku, wtedy w 1907 roku we Lwowie za\u0142o\u017cono Zwi\u0105zek Teatr\u00f3w i Ch\u00f3r\u00f3w W\u0142o\u015bcia\u0144skich. TKT nawi\u0105zuje do tradycji amatorsko &#8211; teatralnych zwi\u0105zk\u00f3w,<a class=\"rmore\" href=\"https:\/\/polski.slowacki.edu.pl\/?page_id=121\">&nbsp;&nbsp; Read More &#8230;<\/a><\/p>\n","protected":false},"author":1,"featured_media":0,"parent":0,"menu_order":4,"comment_status":"open","ping_status":"open","template":"","meta":{"ngg_post_thumbnail":0},"_links":{"self":[{"href":"https:\/\/polski.slowacki.edu.pl\/index.php?rest_route=\/wp\/v2\/pages\/121"}],"collection":[{"href":"https:\/\/polski.slowacki.edu.pl\/index.php?rest_route=\/wp\/v2\/pages"}],"about":[{"href":"https:\/\/polski.slowacki.edu.pl\/index.php?rest_route=\/wp\/v2\/types\/page"}],"author":[{"embeddable":true,"href":"https:\/\/polski.slowacki.edu.pl\/index.php?rest_route=\/wp\/v2\/users\/1"}],"replies":[{"embeddable":true,"href":"https:\/\/polski.slowacki.edu.pl\/index.php?rest_route=%2Fwp%2Fv2%2Fcomments&post=121"}],"version-history":[{"count":5,"href":"https:\/\/polski.slowacki.edu.pl\/index.php?rest_route=\/wp\/v2\/pages\/121\/revisions"}],"predecessor-version":[{"id":134,"href":"https:\/\/polski.slowacki.edu.pl\/index.php?rest_route=\/wp\/v2\/pages\/121\/revisions\/134"}],"wp:attachment":[{"href":"https:\/\/polski.slowacki.edu.pl\/index.php?rest_route=%2Fwp%2Fv2%2Fmedia&parent=121"}],"curies":[{"name":"wp","href":"https:\/\/api.w.org\/{rel}","templated":true}]}}